166080347 composite?
False
Is 10473613 prime?
True
Is 19610429 a prime number?
True
Is 26388122 a prime number?
False
Is 1247807 a prime number?
False
Is 60966005 composite?
True
Is 12410467 a composite number?
False
Is 34503229 composite?
True
Is 134581 a composite number?
False
Is 147187613 prime?
True
Is 10725269 prime?
True
Is 26772971 a composite number?
False
Is 2763193 a prime number?
False
Is 207206707 a prime number?
True
Is 73106221 a prime number?
True
Is 15218513 composite?
False
Is 5084671 prime?
True
Is 11202391 a composite number?
True
Is 245395739 prime?
True
Is 5632969 a composite number?
False
Is 24455969 composite?
True
Is 139267747 a composite number?
False
Is 998069 a prime number?
True
Is 11164651 composite?
False
Is 20288519 prime?
True
Is 70922939 a prime number?
True
Is 1546733663 prime?
True
Is 21336967 a composite number?
True
Is 587782709 a composite number?
False
Is 169377317 prime?
True
Is 8238311 a prime number?
False
Is 912499519 prime?
True
Is 9461813 a prime number?
False
Is 35517487 prime?
True
Is 21080573 prime?
True
Is 1080787 prime?
True
Is 1199581 a prime number?
False
Is 26581039 prime?
True
Is 164044669 a prime number?
True
Is 189097 a prime number?
False
Is 23850851 a composite number?
True
Is 26291147 composite?
False
Is 98880077 composite?
False
Is 335827 a composite number?
True
Is 43913971 a prime number?
False
Is 8865167 a prime number?
True
Is 1236307 a prime number?
True
Is 21399185 a composite number?
True
Is 1312301 a composite number?
False
Is 2337667 a prime number?
True
Is 5511827 a prime number?
False
Is 8642703 composite?
True
Is 72162509 a prime number?
True
Is 19978793 a prime number?
False
Is 41031563 a composite number?
True
Is 812233 composite?
False
Is 34483843 a prime number?
True
Is 16972409 a composite number?
True
Is 12263449 a prime number?
False
Is 12759479 a composite number?
False
Is 6189067 a composite number?
False
Is 45392467 a prime number?
False
Is 26405381 a prime number?
True
Is 8989213 composite?
True
Is 21971437 composite?
False
Is 1237989 a prime number?
False
Is 68171 composite?
False
Is 122488729 a composite number?
True
Is 37517021 a composite number?
True
Is 95871 a composite number?
True
Is 77391277 a composite number?
False
Is 217697 composite?
False
Is 3589357 a composite number?
True
Is 652929 a prime number?
False
Is 6382405 a prime number?
False
Is 203507 a prime number?
False
Is 9492689 composite?
True
Is 11381417 a composite number?
True
Is 20206499 composite?
True
Is 4313861 prime?
True
Is 71951457 composite?
True
Is 101764807 a composite number?
True
Is 365795845 prime?
False
Is 23599777 a composite number?
False
Is 4601019 composite?
True
Is 3305147 composite?
False
Is 103270693 a composite number?
True
Is 33053213 prime?
False
Is 98974177 composite?
False
Is 498361 a prime number?
True
Is 42844643 a prime number?
True
Is 35769583 a prime number?
True
Is 43505291 a prime number?
True
Is 151966811 a prime number?
False
Is 2475493 composite?
False
Is 2924057 composite?
True
Is 180959 composite?
False
Is 115880353 a prime number?
True
Is 149147707 a prime number?
True
Is 286174799 prime?
False
Is 27333451 prime?
True
Is 20095693 a prime number?
False
Is 123575971 composite?
False
Is 32784439 a composite number?
False
Is 20852917 composite?
True
Is 530520049 a prime number?
False
Is 17206709 prime?
False
Is 7409113 prime?
True
Is 60230483 a prime number?
False
Is 1362751 prime?
False
Is 4912571 composite?
True
Is 32509129 a prime number?
False
Is 1970527 prime?
False
Is 945488719 prime?
False
Is 6655603 a composite number?
False
Is 9931483 prime?
False
Is 257135 composite?
True
Is 299055217 composite?
False
Is 70693189 a composite number?
True
Is 120337631 prime?
True
Is 627281 a prime number?
False
Is 3241627 a prime number?
True
Is 6422417 a prime number?
True
Is 7003849 a prime number?
True
Is 1725359 a prime number?
True
Is 9421697 composite?
True
Is 20443903 a prime number?
False
Is 381014519 a prime number?
True
Is 284462371 a prime number?
False
Is 960716737 a composite number?
False
Is 385955093 a composite number?
False
Is 4994313 a prime number?
False
Is 11209573 a composite number?
True
Is 41847347 composite?
True
Is 8375663 prime?
True
Is 268771 a prime number?
True
Is 146936789 a prime number?
True
Is 69665821 a prime number?
True
Is 60850487 composite?
False
Is 70237639 a composite number?
False
Is 19848133 a composite number?
False
Is 73668223 a composite number?
True
Is 466733141 a prime number?
False
Is 241022739 composite?
True
Is 106273 prime?
True
Is 2113753 a prime number?
True
Is 39728581 a composite number?
True
Is 1730471441 prime?
False
Is 19646213 a prime number?
True
Is 11118543 a composite number?
True
Is 2006699 prime?
False
Is 87954173 a prime number?
False
Is 337411 a composite number?
False
Is 157298 a composite number?
True
Is 1935617 prime?
True
Is 396200083 composite?
True
Is 1088209 composite?
False
Is 105133271 composite?
False
Is 141441897 composite?
True
Is 627743 a prime number?
False
Is 217400243 a prime number?
True
Is 291163703 composite?
False
Is 26987291 prime?
True
Is 2456639 composite?
False
Is 93674719 prime?
True
Is 2722309 a prime number?
True
Is 1285969 composite?
False
Is 132998023 a prime number?
True
Is 21545774 a prime number?
False
Is 71567063 prime?
True
Is 40593311 composite?
True
Is 23602661 composite?
False
Is 1469081 composite?
False
Is 2469163921 composite?
True
Is 10468361 composite?
False
Is 4118333 composite?
False
Is 1474601 a composite number?
True
Is 86931643 a composite number?
True
Is 78145523 composite?
False
Is 33664909 a composite number?
False
Is 1476973 a prime number?
True
Is 40139677 a composite number?
False
Is 16165207 a prime number?
True
Is 65607593 a prime number?
True
Is 175638863 a prime number?
True
Is 5755753 composite?
False
Is 5458169 a composite number?
False
Is 106497287 prime?
False
Is 7290267 composite?
True
Is 2984285 prime?
False
Is 29171381 a prime number?
True
Is 271361 a prime number?
False
Is 13062821 a prime number?
True
Is 8782315 a prime number?
False
Is 2137607 composite?
True
Is 210162853 composite?
True
Is 5471857 prime?
True
Is 94721189 composite?
False
Is 5065421 prime?
True
Is 8254289 prime?
False
Is 32900353 prime?
True
Is 40507331 composite?
False
Is 391735739 a prime number?
False
Is 140446777 a prime number?
False
Is 2877367 prime?
True
Is 573961 a composite number?
True
Is 135360143 prime?
True
Is 17559313 a prime number?
False
Is 3488587 prime?
False
Is 1070819 a composite number?
True
Is 4020119 prime?
True
Is 30918037 a composite number?
False
Is 2277199 a composite number?
True
Is 46805771 prime?
True
Is 14043529 a composite number?
False
Is 3290197 a prime number?
False
Is 14803595 a prime number?
False
Is 100779193 composite?
False
Is 116719 a prime number?
True
Is 9252277 prime?
False
Is 3856319 a composite number?
True
Is 22946213 composite?
False
Is 212110477 a composite number?
True
Is 1224371 a prime number?
False
Is 280652611 a composite number?
False
Is 37515721 a composite number?
False
Is 9557101 prime?
False
Is 5075051 a composite number?
False
Is 6847541 a prime number?
False
Is 692521 a prime number?
True
Is 1088603 a prime number?
True
Is 161705053 prime?
True
Is 467757421 prime?
True
Is 5321339 a prime number?
True
Is 2307467 a prime number?
True
Is 19069067 prime?
True
Is 18806107 composite?
False
Is 491625847 prime?
False
Is 479419 a composite number?
False
Is 20466259 composite?
True
Is 59301701 composite?
False
Is 22031123 a composite number?
False
Is 400696211 prime?
False
Is 34936833 a prime number?
False
Is 9121361 a composite number?
False
Is 1059310435 prime?
False
Is 4526069 prime?
False
Is 6588731 prime?
True
Is 139054519 composite?
False
Is 10246237 a composite number?
False
Is 122836727 a prime number?
False
Is 2766949 a prime number?
False
Is 105992219 a composite number?
False
Is 58003961 prime?
True
Is 35342893 a prime number?
True
Is 283950519 a prime number?
False
Is 11986129 a prime number?
False
Is 4405493 prime?
True
Is 874037 a composite number?
False
Is 5911589 a composite number?
False
Is 40122007 a prime number?
False
Is 3295249 a prime number?
True
Is 851129 a prime number?
False
Is 106322269 a